 is -2 - 22695912?
-22695914
In base 4, what is -11221210112 + 11?
-11221210101
In base 6, what is 5 + 133130150?
133130155
In base 8, what is 206325472 + -15?
206325455
In base 11, what is a1186948a + -3?
a11869487
In base 3, what is 11200 + 2102100020?
2102111220
In base 2, what is -10101001011101110010 + 100010?
-10101001011101010000
In base 4, what is -1 + -123121101113?
-123121101120
In base 13, what is 9336733 - -b?
9336741
In base 7, what is -1453 + -161326?
-163112
In base 9, what is -4444225 - 12?
-4444237
In base 10, what is 13717 + -34029?
-20312
In base 2, what is 101 + -1011000001101011000110000?
-1011000001101011000101011
In base 6, what is 140014015 + 2?
140014021
In base 10, what is 26 - 7554285?
-7554259
In base 6, what is -115 - -5024350?
5024231
In base 12, what is 13 + 8b09b80?
8b09b93
In base 4, what is 0 - 122122202323?
-122122202323
In base 6, what is -535425 + -342?
-540211
In base 10, what is 350873 - 4?
350869
In base 2, what is 1000000000111010010101101 - -101?
1000000000111010010110010
In base 12, what is 0 - -46b69a?
46b69a
In base 14, what is 3 + -50b0cd4?
-50b0cd1
In base 11, what is 201 + -24875?
-24674
In base 13, what is -3 + 38cc4b0?
38cc4aa
In base 5, what is -24 + -1243240004?
-1243240033
In base 2, what is -101 - -1000111001111001110?
1000111001111001001
In base 5, what is 102311413 + -13?
102311400
In base 13, what is -5 - 3a748c1?
-3a748c6
In base 2, what is -1110011 + 1010011001?
1000100110
In base 6, what is 32 - 3153211?
-3153135
In base 5, what is 10 + 2142222420?
2142222430
In base 13, what is -1c7 - -4988?
4791
In base 7, what is -62 - -5220352?
5220260
In base 5, what is 20 - 113134322?
-113134302
In base 16, what is -361 - -22a1?
1f40
In base 12, what is -20 + -134474?
-134494
In base 2, what is -10000001111110101010 + -11101000?
-10000010000010010010
In base 9, what is -137104138 + 3?
-137104135
In base 3, what is -1110 - 121200220011?
-121200221121
In base 9, what is -380810 - -78?
-380721
In base 3, what is 10022120 + 11212102?
22011222
In base 15, what is 203e2ceb - 5?
203e2ce6
In base 11, what is 4647 + -19a1a?
-15383
In base 9, what is -31 + -151565?
-151606
In base 14, what is c3a4 + -2?
c3a2
In base 6, what is 112025 - -1100340?
1212405
In base 12, what is b170a252 + 3?
b170a255
In base 11, what is -2 + 30712a64?
30712a62
In base 16, what is 19c82b - 48?
19c7e3
In base 14, what is 1c24d1 - -719?
1c2c0a
In base 4, what is 13 + 30323000002?
30323000021
In base 7, what is -4 - -10344645?
10344641
In base 3, what is 1110201 - 1022011221222?
-1022010111021
In base 8, what is -44126357 + 1?
-44126356
In base 8, what is 526271 + 1347?
527640
In base 15, what is -1e3cb5 - 4a?
-1e3d10
In base 16, what is 672 + -781?
-10f
In base 2, what is -110111111001001 + -1011110100?
-111001010111101
In base 10, what is 134 - -49550?
49684
In base 4, what is 231011230 + 201002?
231212232
In base 9, what is -3 + 36247733?
36247730
In base 15, what is 4 + -37a3ae?
-37a3aa
In base 6, what is 21323055 + 0?
21323055
In base 11, what is 10a7 + 209101?
20a1a8
In base 3, what is -10100122011122 - 22?
-10100122011221
In base 6, what is -32124430 + -1135?
-32130005
In base 3, what is 12 - 2001211111121010?
-2001211111120221
In base 7, what is -105 + -312600?
-313005
In base 12, what is 49b60b5 + 58?
49b6151
In base 8, what is 37763 + -24534?
13227
In base 10, what is 2050 + -28188?
-26138
In base 5, what is -1130124 - 410?
-1131034
In base 9, what is -474 - -2050605?
2050121
In base 2, what is -10101010111101010001111000000 + -10?
-10101010111101010001111000010
In base 11, what is 0 + 3639a15?
3639a15
In base 2, what is -111000000 - 1000111011011?
-1001110011011
In base 8, what is -760 - -521?
-237
In base 7, what is 2 + -540120152?
-540120150
In base 6, what is 2123 - 1315340?
-1313213
In base 5, what is -24 + 220301223?
220301144
In base 9, what is -3 - -75076822?
75076818
In base 14, what is 1c5548d - 15?
1c55478
In base 11, what is 5a51 + -4a01?
1050
In base 8, what is -145357056 - -5?
-145357051
In base 7, what is 3 - -634465225?
634465231
In base 10, what is -95 + 139379?
139284
In base 8, what is 1326 + 6624?
10152
In base 5, what is 241 - 102222413?
-102222122
In base 4, what is -10 - -12032222200122?
12032222200112
In base 13, what is 710 + 3ac8?
4508
In base 7, what is -2 - -2366156?
2366154
In base 4, what is -3212003 + -23322?
-3301331
In base 2, what is 101111100 + -110001000100010000100?
-110001000011100001000
In base 11, what is 1332937 - 250?
1332697
In base 13, what is -6 - 987161?
-987167
In base 4, what is -130300 + 200332?
10032
In base 2, what is 10 + -1110000110100001110001?
-1110000110100001101111
In base 16, what is -5a - 5244c?
-524a6
In base 16, what is 510aaf + -1?
510aae
In base 8, what is 7 + -40753332?
-40753323
In base 7, what is -26354 - -324665?
265311
In base 5, what is 22 - 3014111031?
-3014111004
In base 16, what is 0 + 205fe3a?
205fe3a
In base 12, what is 2087a4 + -19?
208787
In base 6, what is -10432234041 - 5?
-10432234050
In base 4, what is 2 - 12330212213011?
-12330212213003
In base 5, what is -202220120320 + -1?
-202220120321
In base 8, what is -77661 - -467?
-77172
In base 14, what is -303908 + 1?
-303907
In base 2, what is -110000 - -101101001001?
101100011001
In base 3, what is -10122112100102 + -10?
-10122112100112
In base 9, what is 214 + 883281?
883505
In base 12, what is 2 + 3627b0?
3627b2
In base 2, what is 1000110001 + 110111000101101?
111000001011110
In base 8, what is 14504 - 23642?
-7136
In base 2, what is 10001100011101111000001101 - 1111?
10001100011101110111111110
In base 16, what is 16b - df893?
-df728
In base 2, what is -110 + -100111101010101010110010?
-100111101010101010111000
In base 9, what is -4 + 205364201?
205364186
In base 13, what is 48 + -24b8a?
-24b42
In base 12, what is -13742 + 284?
-1347a
In base 10, what is -63 - 4221278?
-4221341
In base 7, what is 44226226 + 54?
44226313
In base 6, what is 5 - -3311501235?
3311501244
In base 5, what is -2 - -234102341?
234102334
In base 11, what is 153127 - 13?
153114
In base 13, what is 0 - 1723c56?
-1723c56
In base 10, what is -400412364 - 0?
-400412364
In base 2, what is 10100110000100110011010 - -1011?
10100110000100110100101
In base 12, what is -37 - 76b64?
-76b9b
In base 14, what is 7c311 + 21?
7c332
In base 4, what is -220232203 - 110?
-220232313
In base 2, what is 1110000110111001001001010 - 10001?
1110000110111001000111001
In base 13, what is -ba510 - -8a?
-ba453
In base 3, what is 12112020 - -11002201110?
11022020200
In base 5, what is -122234 - -304124?
131340
In base 14, what is 15 - -20b530?
20b545
In base 2, what is -101001 + -10010110011000100001110?
-10010110011000100110111
In base 12, what is -135a + -537?
-1895
In base 16, what is 35b + 4cba?
5015
In base 4, what is 2323 - 10201212231?
-10201203302
In base 14, what is -5829 - 2b4?
-5add
In base 15, what is -10 + -6dc?
-6ec
In base 10, what is 2 + 19340109?
19340111
In base 4, what is -1133020 + 211333?
-321021
In base 2, what is 11010010011 - 11111000110001101?
-11110101011111010
In base 10, what is 4204 + -1593?
2611
In base 3, what is -202122022 - -12210122?
-112211200
In base 3, what is 202 + 10110120102000?
10110120102202
In base 11, what is 223 - -430619?
430841
In base 11, what is 6173 + -469?
5805
In base 3, what is 1 - -20011222010211220?
20011222010211221
In base 9, what is 115733648 + 2?
115733651
In base 15, what is -1828 + -a7db?
-c114
In base 10, what is 3062 - 12052?
-8990
In base 7, what is -3 - -44010222?
44010216
In base 3, what is -10020011200221 - 2111?
-10020011210102
In base 4, what is 1010000133120 - 11?
1010000133103
In base 12, what is 1a89 - -242bb?
26188
In base 12, what is 5 - -16a7848a?
16a78493
In base 14, what is -104051 + 21c?
-103c33
In base 4, what is -2 - -122302233010?
122302233002
In base 10, what is 0 + -164155?
-164155
In base 13, what is 11a2 - 1022?
180
In base 9, what is 33711140 + 3?
33711143
In base 14, what is -bc1 - -4091?
32b0
In base 14, what is -b45c2304 + -2?
-b45c2306
In base 9, what is 12 - 1251840?
-1251827
In base 15, what is -1560be3e - -1?
-1560be3d
In base 13, what is 46a62c - -15?
46a644
In base 9, what is -550560 - -701?
-548758
In base 16, what is 693 - ed?
5a6
In base 15, what is 